 - 3*q**2 - q - 2. Let c be i(-4). Let l = -11 + c. Calculate the remainder when 1*5*(-403)/(-155) is divided by l.
6
Let d(g) = -3*g - 1. Let f be d(-2). Suppose 2*t - 70 = -f*l, 3*l + 7*t - 2*t = 42. What is the remainder when (6/(-2))/1 + 30 is divided by l?
13
Let k(i) = -2*i**3 - i**2. Let g be k(-1). Suppose -5*d + 33 = -2*d. What is the remainder when d is divided by (5 - 3) + 1 + g?
3
Suppose 4*m + 0*u + 228 = 2*u, 6 = 3*u. Let t = -17 - m. What is the remainder when t is divided by 10?
9
Let m(b) = 8*b - 1. Let y(z) be the third derivative of 19*z**5/60 - z**4/24 - z**3/6 + 4*z**2. Calculate the remainder when y(-1) is divided by m(1).
5
Let p be 56/(-14) + 7/1. Suppose 0*a - p*a + 138 = 0. Calculate the remainder when a is divided by 16.
14
Suppose -2*j = -3*j - 3*k + 24, 4*j - 86 = -2*k. Suppose -4*m + 311 = -j. What is the remainder when m is divided by 21?
20
Let k = 223 + -141. Suppose v - 4 = k. Suppose 2*c = -14 + v. What is the remainder when c is divided by 19?
17
Let r = -40 + 68. Suppose r + 75 = 4*f - 5*d, 2*f = -d + 41. Let q(o) = 9*o**3 - 1. What is the remainder when f is divided by q(1)?
6
Let o = -8 + 61. Let r = 47 + -20. Calculate the remainder when o is divided by r.
26
Let l(q) = 0 - 9 - 1 + 3*q - q. What is the remainder when 8 is divided by l(7)?
0
Suppose 5*w + k = -25, w + 4*k - 1 = 5*k. Let i(u) = 3*u**2 + u + 3. Calculate the remainder when i(w) is divided by 16.
15
Let n = -17 - -13. Let w = n + 26. What is the remainder when 87 is divided by w?
21
Suppose -121 = i - 6*i + n, 3*i - 79 = -n. Let z = 43 - i. What is the remainder when z is divided by 10?
8
Suppose 0 = -5*o - 20, 0*o - 2*o = i + 13. Calculate the remainder when 23 is divided by i/((-15)/24)*1.
7
Suppose 3*a - 109 = 23. Calculate the remainder when a is divided by 9.
8
Suppose 0*c = c - 7. Suppose 2*u = 3*a + 4*u + 16, 5*u - 20 = 0. Let b = -4 - a. Calculate the remainder when c is divided by b.
3
Let k = 25 + 5. Let d = -18 + k. Let q = d - 3. What is the remainder when q is divided by 5?
4
Suppose 0 = 4*q + 5*t + 12, -4*t - 4 = -3*t. Calculate the remainder when 7 is divided by q.
1
Let q = -6 + 13. Suppose b = -0*b + q. What is the remainder when 19 is divided by b?
5
Let r(b) = b**2 - b - 5. Let z(j) = -j**3 + 8*j**2 - 7*j + 6. Let p be z(7). What is the remainder when 48 is divided by r(p)?
23
Let a = 110 + -8. Let w = a + -65. What is the remainder when w is divided by 10?
7
Suppose -2*b - 15 = 3*k - 40, -31 = -2*b - 5*k. Suppose 4*r - 8 = -2*u + 36, b = 2*r. What is the remainder when u is divided by 8?
6
Let b = 15 + -10. Suppose -5*f - 4 = -n - 4*f, 5*f - 15 = 0. What is the remainder when n is divided by b?
2
Suppose 24 = -5*i + 6*i. Suppose 5*z = -15, s - z + 2*z = 0. Suppose v = -s*l + 4*l + 18, -41 = -2*v + 3*l. Calculate the remainder when i is divided by v.
11
Suppose 0 = 2*g - 0*g - 68. What is the remainder when g is divided by 19?
15
Let y(x) = -x**2 - 12*x - 5. Let h(t) be the third derivative of t**5/60 - 5*t**4/24 - 4*t**3/3 - 5*t**2. What is the remainder when y(-6) is divided by h(8)?
15
Suppose -v - 2*k = -8, 0 = 5*v + k + 4*k - 35. Suppose -147 = -3*u + 3*m, -2*u + 94 = -0*m - 4*m. Let d = u - 35. What is the remainder when d is divided by v?
4
Let n = 14 - 13. Suppose z + 5*l - 2 - n = 0, 4*l - 6 = -z. What is the remainder when 35 is divided by z?
17
Let n = 26 + 42. What is the remainder when n is divided by 36?
32
Let l be (13/2)/(1/6). Let x = 55 - l. Let f = x - 8. Calculate the remainder when 22 is divided by f.
6
Let k be (-2 - -2)*(-1)/(-2). Let g = -11 + k. Let v = -7 - g. Calculate the remainder when 6 is divided by v.
2
Let h = 27 + -11. Calculate the remainder when h is divided by (0 - 0) + 9 + 0.
7
Suppose z + 2*z - 219 = 0. Calculate the remainder when z is divided by 25.
23
Suppose 2*a = 5*a - 6. Suppose 9 = a*q - 29. Calculate the remainder when q is divided by -1 + (-1)/((-2)/16).
5
Suppose 6*v - c = 3*v + 10, -2 = v + c. Suppose v*d = -1 + 7. Let u = -1 + d. Calculate the remainder when 7 is divided by u.
1
Let y(i) = 2*i**2 - 6. Let c be y(-5). Calculate the remainder when ((-4)/8)/((-2)/c) is divided by 3.
2
Let x(f) = f + 19. Let k be x(-14). Suppose k*g - 158 = -0*g - t, -12 = -4*t. What is the remainder when g is divided by 11?
9
Suppose -f - r = 2*f - 41, 0 = -2*f + 4*r + 4. Calculate the remainder when -4 + 246/6 + -3 is divided by f.
10
What is the remainder when ((-1)/(-3))/((-4)/(-180)) is divided by 9?
6
Let j = -22 + 23. Calculate the remainder when 5 is divided by j.
0
Let p = -113 + 79. Let l = p + 55. Calculate the remainder when 41 is divided by l.
20
Let y(u) = u**3 + 7*u**2 + 5*u - 3. What is the remainder when y(-4) is divided by 15 - ((-3)/(-1) - 1)?
12
Suppose 0 = -4*r - 4*k + 104, 3*r - k - 72 = -2*k. Suppose -25 + 91 = 11*f. Calculate the remainder when r is divided by f.
5
Let x be 7/3 + 1/(-3). Let l = x + -2. Suppose -4*h + 83 + 5 = l. Calculate the remainder when h is divided by 8.
6
Let p(g) = 11*g - 2. What is the remainder when 121 is divided by p(3)?
28
Suppose 15 = 3*p + 4*v, 0 = 3*p + v - 5 - 10. Calculate the remainder when 7 is divided by p.
2
Let f(g) = 2*g**3 - 2*g**2 - 3*g + 3. Let j be f(2). Suppose -q + 31 = j. Let v = q - 0. Calculate the remainder when v is divided by 14.
12
Let s = 9 - 6. Let r(g) = g**3 - 2*g**2 - g - 4. Let p be r(s). What is the remainder when 32 is divided by (11/p)/((-2)/(-4))?
10
Suppose 1 + 5 = l. Let d be (l/15)/((-2)/(-10)). Calculate the remainder when 50 is divided by (-1)/(1/d) + 19.
16
Let s(b) = b**2 - 29*b + 12. Calculate the remainder when 81 is divided by s(29).
9
Let c(k) = -k + 19. What is the remainder when 26 is divided by c(10)?
8
Let x = 71 + -24. Calculate the remainder when x is divided by 16.
15
Let w = -42 + 151. Let f(p) = -p**2 + 10*p + 22. Calculate the remainder when w is divided by f(10).
21
Let a(k) = -k + 8. Let j be 6/9 - 16/(-3). Let r be a(j). Suppose 0 + 12 = r*g. What is the remainder when 11 is divided by g?
5
Suppose -18 = -2*j + 5*m, -j - 2*m - 4 = 2*m. Let t = 0 + -13. Let n = t + 20. Calculate the remainder when n is divided by j.
3
Suppose 2*g - 75 = -z, -3*g + 4*z + 74 = -33. Let h(s) = 6*s + 2*s + 6 + s - 5. Calculate the remainder when g is divided by h(1).
7
Let m be 1/(-2) + (-15)/2. Let r = m - -13. What is the remainder when 18 is divided by r?
3
Suppose -2*p = 5*s + 77, 4*p - 6*p + 8 = 0. Let o = 37 + s. What is the remainder when 37 is divided by o?
17
Let i(a) be the first derivative of a**4/4 + 8*a**3/3 + 2*a - 5. What is the remainder when i(-7) is divided by 18?
15
Let x be 2/(-6) - (-10)/(-15). Let c be x - -3*(-7)/3. Let v(s) = -s**3 - 7*s**2 + 5*s + 5. Calculate the remainder when v(c) is divided by 10.
9
Let n = -3 - -5. Let s(d) = 5*d**2 - 4*d + 2. Calculate the remainder when 0/(1 + -2) - -40 is divided by s(n).
12
Suppose -3*w + 2*k = -0*w - 10, -13 = -4*w + 3*k. What is the remainder when w is divided by 2?
0
Suppose 0 = 5*p - 3*q - 81, -2*p - 40 = -4*p + 5*q. Suppose 0 = s + 2*s + p. What is the remainder when s/((-10)/56) - -1 is divided by 10?
9
Suppose -2*l + 24 = -2*c - 6, c - 105 = -5*l. What is the remainder when 37 is divided by l?
17
Suppose -2*g = 3*f - 7*f + 6, g - 2 = -3*f. Calculate the remainder when 3 is divided by f.
0
Let k = -40 + 58. Calculate the remainder when 33 is divided by k.
15
Let a be (2/(-5))/((-2)/10). Let u(v) = 5*v**2 + 6*v + 3. Let g be u(-5). Suppose 0*o - g = -a*o. What is the remainder when o is divided by 17?
15
Let j(m) = -5*m - 1 + 4*m - 2 + 2*m. Suppose 4*z + z - 30 = 0. Calculate the remainder when 5 is divided by j(z).
2
Suppose -2*g = -4*g + 10. Suppose 2*p + 0*j = 2*j - 2, 2*j - 8 = 0. What is the remainder when g is divided by p?
2
Suppose -5*y + 32 = x, 0 = x - y - 17 - 15. Let p = x - 28. Calculate the remainder when 8 is divided by p.
0
Let s be 8/(-4) + 3 - -2. Suppose -2*f + 6*f - 16 = 0, 0 = n + s*f - 20. What is the remainder when -2 + 24 + (-1)/(-1) is divided by n?
7
What is the remainder when 3 - (-1 - 7*9) is divided by 23?
21
Let a(j) = -j**2 - 14*j + 6. Calculate the remainder when a(-11) is divided by 8.
7
Suppose -7*k + 3*k = 0. Suppose 5*o - 20 = -k*o, -5*x - 2*o + 43 = 0. Calculate the remainder when 27 is divid